me factors of i.
2, 3, 13
Suppose 58 + 37 = 5*o. Let s = o - 0. List the prime factors of s.
19
Suppose -m - 4*s = 17, 0*m - 2*m = -4*s - 26. Suppose -5*g = d - 27, 0 = 5*d - m*g - 24 - 27. List the prime factors of d.
2, 3
Suppose -g + 4*m + 20 = 0, 0*g - 5*g + 15 = -3*m. Suppose g = 4*d - 8. List the prime factors of d.
2
Let z = 21 - -1. Let g = -5 + z. What are the prime factors of g?
17
Let j = -14 + 43. List the prime factors of j.
29
Let s be (-6)/9*30/(-4). Suppose 5*c + s*w = 310, -c - 3*c - 3*w + 243 = 0. Suppose 2*j = 5*r - c, -2*r + 30 = -0*j + j. What are the prime factors of r?
13
Suppose -17 = -5*p + 43. Let g(t) = -t**2 + 17*t - 3. What are the prime factors of g(p)?
3, 19
Suppose 5*s = -25, -3*t = -3*s + 2*s + 4. Let f be t - (188/(-2) - -2). Suppose f = 5*u + 14. What are the prime factors of u?
3, 5
Suppose 0 = -0*z - 4*z - 12, -2*x + 4*z = -18. Suppose -x*l = -j + 9, 4*l + 0*l + 16 = 2*j. What are the prime factors of j?
2, 3
Let c(v) = 14*v - 25. Let s(y) = 3*y - 5. Let r(i) = -2*c(i) + 11*s(i). What are the prime factors of r(6)?
5
Suppose -m + 8 = 5*l - 6, 3*m - 60 = 3*l. Let h = -10 + m. What are the prime factors of h?
3
Suppose 39 = 2*d + z + 5, -34 = -2*d - 2*z. What are the prime factors of d?
17
Let p = 13 + 32. What are the prime factors of p?
3, 5
Let f = 2 + 1. Suppose -o - 16 = -f*o. List the prime factors of o.
2
Let p = 42 + -62. List the prime factors of (-208)/p - 4/10.
2, 5
Let o be (2/7)/(1/7). Suppose o*b - 2*m = 46, 3*b = 5*m - 0*m + 77. List the prime factors of b.
19
Let d(u) = 2*u**2 + 7*u - 1. Let s be d(-5). Suppose -2*t - 4*x = -s, 0*x = 2*t - x - 39. What are the prime factors of t?
17
Let w = -3 + -4. Let p = w - -11. Suppose p*r - 3*r - 4 = 0. What are the prime factors of r?
2
Let d(l) = l**3 + l - 3. Let q be d(4). Let p = q - 43. What are the prime factors of p?
2, 11
Let s be 0 - (-5)/(15/102). Let i = -16 + s. What are the prime factors of i?
2, 3
Let x = -48 - -118. What are the prime factors of x?
2, 5, 7
Suppose 0 = 5*g - 56 + 11. List the prime factors of g.
3
Let b(g) = 3*g - 4. Let p be b(9). Suppose -24 = 3*a - a. Let d = a + p. What are the prime factors of d?
11
Let x = 33 + -14. List the prime factors of x.
19
Suppose -m + 38 - 3 = 0. List the prime factors of m.
5, 7
Suppose 1 = -4*s + 3*x - 0*x, 5*s = -5*x + 25. Suppose 0*g + s*g - 12 = 0. Suppose -o = -g*o + 40. List the prime factors of o.
2
Let a be 6/27 + 148/(-18). Suppose -3*i = 5*d + 24, -2*d + 3*i = 17 + 1. Let g = d - a. List the prime factors of g.
2
Let s(k) = k**2 - 3*k + 2. What are the prime factors of s(13)?
2, 3, 11
Suppose 2*c + 14 = 5*u, 3*u + 4*c - 27 = -c. Suppose u*f + 4 = 24. Suppose -j + f = i, i - 2*j = 5 - 0. List the prime factors of i.
5
Let a(i) = -28*i - 1. List the prime factors of a(-3).
83
Let f(d) = 14*d**2 - 2*d + 1. Let t = -1 + 7. Let s = t - 5. What are the prime factors of f(s)?
13
What are the prime factors of 74*(1/2 + 0)?
37
Let k(v) = -2*v + 2. Let g be k(-2). Let h = -2 + g. List the prime factors of h.
2
Let s = 14 - 8. Let y be 1*-10*(-15)/s. Suppose x = 4*r + y, -3*x - 2*r + r + 10 = 0. What are the prime factors of x?
5
Suppose 0*i - 3*i + 42 = 0. What are the prime factors of 10/(-35) + 172/i?
2, 3
Let g be (-4 - -2) + -1 + 1. What are the prime factors of 3/(-5)*(-28 + g)?
2, 3
Suppose -2*w = 6 - 0, -3*w - 43 = -2*f. Suppose -5*j - 1 = n - f, -2*n + 5*j = 13. Suppose -u = -4*r - 0*u + 41, r + n = -2*u. What are the prime factors of r?
3
Let b be (2/(-4))/(2/(-160)). Suppose -5*t + 3*x = -b, -4*t - 4*x = -82 + 18. List the prime factors of t.
11
Suppose -4 - 8 = -4*d + 3*q, 0 = -2*d + 2*q + 8. Suppose -4*u = d, -i + 2*u + 5 = 2. List the prime factors of i.
3
Let r = -1 - -27. What are the prime factors of r?
2, 13
Suppose 4*r + 4*g = 2*r + 16, -5*r = 3*g - 12. Suppose k + r = 6. What are the prime factors of k?
2, 3
Let m = -15 + 9. What are the prime factors of (-5 - m)/((-2)/(-44))?
2, 11
Suppose 0 = -4*n - 5*j + 47, 5*n - 2*j - 5 - 29 = 0. Suppose -n*o + 69 = -5*o. Suppose 83 - o = 5*c. List the prime factors of c.
2, 3
Suppose -3*x + 116 + 397 = 0. What are the prime factors of x?
3, 19
List the prime factors of 24*(1/(-3))/(-1).
2
Let p be -14*(1 - (-10)/(-4)). Let q(g) = g - 2. Let o be q(4). Suppose o*u - 1 = p. What are the prime factors of u?
11
Let f(x) = x**3 + 7*x**2 - 2*x - 4. Let h = -1 - -5. Suppose 3*d + 5*n + 2 = -39, 0 = -3*d - h*n - 37. List the prime factors of f(d).
2, 5
Let d(w) = -w**2 - 7*w + 93. What are the prime factors of d(0)?
3, 31
Let n(y) = -y**2 - 5*y - 6. Let o be n(-4). List the prime factors of (1*o - -13)*1.
11
Let f be 1/(40/(-14) - -3). Suppose -4*c = -3*v + f*v - 76, 2*v + 54 = 2*c. What are the prime factors of c?
23
Suppose 4*t - 15 = -3*r + t, 0 = -3*r + 5*t - 9. Suppose 1 - 9 = -r*b. List the prime factors of b.
2
Let m(s) = 3*s**3 - 2*s**2 + 1. Let a be 1/(1/2) + 0. What are the prime factors of m(a)?
17
Let o be (-8)/(((-15)/(-6))/(-5)). Suppose -w - o = -5*w. List the prime factors of w.
2
Let b(c) = -c + 21. What are the prime factors of b(-3)?
2, 3
Suppose 4*v - q = 3*q + 56, -4*q - 73 = -5*v. Let k be (-16)/(-7) + 4/(-14). Suppose v = 5*f - p, -k*p + 31 - 5 = 5*f. List the prime factors of f.
2
Let o(u) = u**3 - 10*u**2 + 4. Let q be o(10). Suppose 5*i - 5*m - 15 = 0, -6*i + i + m + 3 = 0. Let r = q - i. What are the prime factors of r?
2
Let c(i) = i - 10. Let w be c(9). Let s = -5 + w. List the prime factors of 3*((-22)/s + 2).
17
Suppose 1 = -4*n + 33. List the prime factors of n.
2
Let x be (-1)/(-1 - (-4 + 2)). List the prime factors of 3/(x - (-4)/3).
3
Let s = -1 - -68. What are the prime factors of s?
67
Suppose 107 = 4*u - 9. List the prime factors of u.
29
Let i be (16/3)/(5/(-15)). Let b = -9 - i. List the prime factors of b.
7
Suppose 3*a - 63 = 30. What are the prime factors of a?
31
Let w(z) be the second derivative of 1/12*z**4 - 1/6*z**3 + 3*z**2 - z + 0. What are the prime factors of w(0)?
2, 3
Let n(m) = 3 + 0*m + m**3 - m**2 - 3*m - 2*m**2 - 4*m**2. Let s be n(7). Let h = s + 36. List the prime factors of h.
2, 3
Suppose 6*u - 3*u = 189. Let p = u + -41. List the prime factors of p.
2, 11
Let c(t) = -t**2 - t + 8. Suppose 4*g - 3*g = 0. Let q be c(g). Let h = q - 1. What are the prime factors of h?
7
Let x = 192 + -67. What are the prime factors of x?
5
Let l be (-1 - -3)*(-12)/3. Let y = -16 - -8. What are the prime factors of l/(-2)*(9 + y)?
2
List the prime factors of ((-1)/((-4)/6))/(1/166).
3, 83
Let h be (-3)/(-3) + 0 - 10. What are the prime factors of (-16)/(-12)*h/(-2)?
2, 3
Let a be (48/(-10))/((-4)/40). Suppose -c = 3*c + a. List the prime factors of (33/c - -2)*-4.
3
Let i = 123 - 108. What are the prime factors of i?
3, 5
Let j(x) = -x + 8. Let d be j(6). Suppose 2*s + 29 = -4*w - s, 0 = d*w - s + 7. List the prime factors of (-4)/w*(-5)/(-2).
2
Let r(k) = k + 15. Let f(l) = l**2 + 7*l + 6. Let v be f(-6). Suppose 8*c - 3*c + 35 = v. What are the prime factors of r(c)?
2
Let n be (-1)/3 - 187/51. Let k(r) = -2*r**2 - 10*r - 2. List the prime factors of k(n).
2, 3
What are the prime factors of 896/10 - 8/(-20)?
2, 3, 5
Let m = -5 - -11. Let b be (-15)/2*20/m. Let y = -15 - b. What are the prime factors of y?
2, 5
Let b(d) = -d + 5. Let t be b(4). Let f(u) = 3*u - t + 2 + u**2 - u. List the prime factors of f(2).
3
Suppose -3*r = 2*r. Suppose r = -2*u + 2 + 6. What are the prime factors of u?
2
Let y(s) be the third derivative of 1/120*s**6 - 5/6*s**3 + 0*s - 1/3*s**4 + s**2 + 1/10*s**5 + 0. What are the prime factors of y(-7)?
2
Let w(b) = 2*b**3 + 2*b**2 - 3*b + 1. Let c(g) = -g**3 + 5*g**2 - g + 7. Let v be c(5). What are the prime factors of w(v)?
19
Let o(n) = 5*n**2 + 2*n + 9. Let i(j) = j**2 + j + 1. Let h(v) = 6*i(v) - o(v). Let d be h(2). Let w = d + 2. List the prime factors of w.
11
Let p(s) = s**3 - 5*s**2 + 2*s - 7. Let d be p(5). Suppose 2*k - 2*o + 15 = -7, 4*k - d*o + 39 = 0. Let u(n) = n**2 + 5*n + 2. List the prime factors of u(k).
2
Let a(i) be the third derivative of i**4/24 - 3*i**3/2 + i**2. Let x be a(8). Let g = 8 + x. List the prime factors of g.
7
Let g(t) = -5 + 16 + 0 - 11*t + t**2. List the prime factors of g(11).
11
Let t(h) = 6*h + 1. Suppose 0*c - 5*c = 25, 5*j + 2